6
What is the ten thousands digit of 787279489?
7
What is the thousands digit of 806045752?
5
What is the tens digit of 376046904?
0
What is the billions digit of 3620386826?
3
What is the hundreds digit of 6426459613?
6
What is the hundreds digit of 39444356?
3
What is the billions digit of 1733574520?
1
What is the hundred thousands digit of 318449116?
4
What is the millions digit of 1305844789?
5
What is the units digit of 1845116996?
6
What is the ten thousands digit of 57018019?
1
What is the hundred millions digit of 1482450646?
4
What is the ten thousands digit of 2149594874?
9
What is the hundred millions digit of 756783804?
7
What is the tens digit of 381710536?
3
What is the millions digit of 15355497?
5
What is the thousands digit of 332999538?
9
What is the thousands digit of 58343017?
3
What is the ten millions digit of 7079657990?
7
What is the tens digit of 44930832?
3
What is the tens digit of 2039196075?
7
What is the hundred millions digit of 309745516?
3
What is the units digit of 791217075?
5
What is the hundreds digit of 224504718?
7
What is the units digit of 3104449616?
6
What is the ten millions digit of 2919988412?
1
What is the hundreds digit of 165196317?
3
What is the ten millions digit of 556660647?
5
What is the hundred thousands digit of 95471049?
4
What is the hundred millions digit of 1086272430?
0
What is the thousands digit of 2064106119?
6
What is the hundreds digit of 46043669?
6
What is the ten thousands digit of 28034980?
3
What is the hundreds digit of 1179432026?
0
What is the ten thousands digit of 3654539964?
3
What is the hundreds digit of 34449313?
3
What is the hundred thousands digit of 841697313?
6
What is the thousands digit of 7087367?
7
What is the ten millions digit of 1979580102?
7
What is the ten thousands digit of 86316319?
1
What is the hundred thousands digit of 6309809?
3
What is the ten thousands digit of 55353608?
5
What is the millions digit of 12740439?
2
What is the ten thousands digit of 219828213?
2
What is the millions digit of 510187457?
0
What is the millions digit of 38896373?
8
What is the units digit of 1555838?
8
What is the hundred thousands digit of 1480624709?
6
What is the ten thousands digit of 5769367390?
6
What is the tens digit of 59697125?
2
What is the ten thousands digit of 25232551?
3
What is the thousands digit of 22065189?
5
What is the ten thousands digit of 415359488?
5
What is the hundred millions digit of 827117694?
8
What is the thousands digit of 1120386067?
6
What is the tens digit of 185602644?
4
What is the millions digit of 33866998?
3
What is the tens digit of 271064798?
9
What is the hundreds digit of 33969031?
0
What is the ten thousands digit of 1295368281?
6
What is the thousands digit of 39346142?
6
What is the ten thousands digit of 11042495?
4
What is the millions digit of 301375177?
1
What is the hundreds digit of 4350517911?
9
What is the hundred millions digit of 693824037?
6
What is the hundred thousands digit of 63944689?
9
What is the ten thousands digit of 4206401219?
0
What is the units digit of 560572628?
8
What is the units digit of 226976896?
6
What is the hundreds digit of 680503005?
0
What is the hundred millions digit of 2739293235?
7
What is the tens digit of 108965094?
9
What is the thousands digit of 30333954?
3
What is the millions digit of 344713371?
4
What is the units digit of 1222707566?
6
What is the ten thousands digit of 3420159891?
5
What is the tens digit of 6730663482?
8
What is the ten thousands digit of 332382993?
8
What is the units digit of 1486500898?
8
What is the tens digit of 9609777?
7
What is the hundred millions digit of 229193018?
2
What is the tens digit of 383891612?
1
What is the ten millions digit of 80190522?
8
What is the ten millions digit of 57924849?
5
What is the hundred thousands digit of 371273641?
2
What is the hundreds digit of 365357104?
1
What is the hundred thousands digit of 7402788?
4
What is the thousands digit of 102929070?
9
What is the hundreds digit of 87508204?
2
What is the millions digit of 49617860?
9
What is the hundred thousands digit of 179871891?
8
What is the millions digit of 932713512?
2
What is the thousands digit of 35828476?
8
What is the hundred thousands digit of 76694236?
6
What is the hundred thousands digit of 65741705?
7
What is the tens digit of 221510398?
9
What is the millions digit of 490405158?
0
What is the ten millions digit of 21092351?
2
What is the millions digit of 367558372?
7
What is the units digit of 5603200487?
7
What is the ten millions digit of 648980853?
4
What is the thousands digit of 22430967?
0
What is the hundred millions digit of 185660439?
1
What is the ten thousands digit of 478096627?
9
What is the billions digit of 2104053553?
2
What is the millions digit of 1269556939?
9
What is the millions digit of 18121119?
8
What is the units digit of 4730514323?
3
What is the thousands digit of 2112652011?
2
What is the units digit of 453283853?
3
What is the tens digit of 537812536?
3
What is the billions digit of 3676346231?
3
What is the thousands digit of 467756309?
6
What is the ten millions digit of 67499017?
6
What is the hundreds digit of 717186358?
3
What is the hundreds digit of 210365096?
0
What is the tens digit of 106412500?
0
What is the tens digit of 46652986?
8
What is the units digit of 781975043?
3
What is the ten millions digit of 935105372?
3
What is the ten millions digit of 1467584582?
6
What is the ten thousands digit of 334653159?
5
What is the thousands digit of 62677?
2
What is the hundreds digit of 791560723?
7
What is the hundred millions digit of 2392326996?
3
What is the hundred millions digit of 1309278563?
3
What is the tens digit of 2373476069?
6
What is the ten thousands digit of 2059798272?
9
What is the tens digit of 78883188?
8
What is the ten thousands digit of 689316704?
1
What is the thousands digit of 7194069004?
9
What is the ten millions digit of 98646927?
9
What is the thousands digit of 46944094?
4
What is the ten millions digit of 543073424?
4
What is the hundreds digit of 574595089?
0
What is the tens digit of 270529476?
7
What is the thousands digit of 83018012?
8
What is the ten millions digit of 3373476104?
7
What is the ten thousands digit of 227207251?
0
What is the ten thousands digit of 132733590?
3
What is the thousands digit of 74224223?
4
What is the ten thousands digit of 425433564?
3
What is the millions digit of 106621832?
6
What is the ten millions digit of 800671590?
0
What is the hundreds digit of 902616918?
9
What is the ten millions digit of 94276078?
9
What is the hundreds digit of 23535554?
5
What is the thousands digit of 893054223?
4
What is the units digit of 269552163?
3
What is the thousands digit of 5567274?
7
What is the hundred thousands digit of 1332336633?
3
What is the hundred thousands digit of 53152649?
1
What is the hundred millions digit of 738613032?
7
What is the hundreds digit of 810466620?
6
What is the thousands digit of 1294195307?
5
What is the thousands digit of 121775821?
5
What is the millions digit of 121511039?
1
What is the ten thousands digit of 1137802608?
0
What is the millions digit of 2731886193?
1
What is the millions digit of 55052380?
5
What is the ten thousands digit of 62411190?
1
What is the millions digit of 935190010?
5
What is the units digit of 250256174?
4
What is the tens digit of 990971932?
3
What is the units digit of 24139736?
6
What is the units digit of 50433846?
6
What is the hundred thousands digit of 270673845?
6
What is the thousands digit of 4839841562?
1
What is the ten thousands digit of 61143241?
4
What is the tens digit of 1973945743?
4
What is the hundred thousands digit of 375745179?
7
What is the tens digit of 1749973812?
1
What is the hundred thousands digit of 4359375157?
3
What is the units digit of 942443620?
0
What is the hundreds digit of 14919872?
8
What is the units digit of 23251310?
0
What is the ten millions digit of 25970937?
2
What is the thousands digit of 3842592984?
2
What is the hundreds digit of 87230093?
0
What is the thousands digit of 1196018437?
8
What is the millions digit of 878183644?
8
What is the ten thousands digit of 466766669?
6
What is the ten thousands digit of 2688127910?
2
Wha